actors of d.
2, 5
Suppose -4*t = t - 160. What are the prime factors of t?
2
Let j(w) = -2*w + 3*w + 2*w - 1 - 4*w. Let t be j(-4). List the prime factors of -27*(-1)/t*1.
3
Let v(h) = -h**2 + 10*h - 12. Let l be v(8). Suppose l*z + 24 = 4*i, -3*i + 2*z = -7 - 10. List the prime factors of i.
5
Let k(j) = 2*j - 10. Let p be k(7). Let y(o) = -5*o**2 + 5 - 6*o + 3*o**2 + 4*o**2. List the prime factors of y(p).
13
Suppose 3*b - 52 = 5*i, 2*b = 2*i + 12 + 16. Suppose -6 + 18 = 2*k. What are the prime factors of (20/6)/(k/b)?
5
Let h = 0 - -2. Suppose 0 = -h*k - 24 - 4. Let w = k + 25. List the prime factors of w.
11
Let t = -7 - -12. List the prime factors of 2*t + (-2 - 1).
7
Suppose -62 - 6 = -2*s. What are the prime factors of s?
2, 17
Suppose -2*d - d = 162. What are the prime factors of d/8*(-16)/6?
2, 3
Let r(d) = -d**2 - 10*d. Let f be 4*2*21/(-24). Let x be r(f). Suppose 0*v - 3*v = -x. What are the prime factors of v?
7
Let j(m) = 196*m**2 - m - 1. What are the prime factors of j(-1)?
2, 7
Suppose 5*n - 318 = 157. List the prime factors of n.
5, 19
Suppose 2*m = 2*i - 6 - 134, -m + 137 = 2*i. List the prime factors of i.
3, 23
Suppose -4*f + 13 = -0*u - 3*u, 0 = -4*u + 4*f - 16. Let p be (-2)/(-10) - 84/20. List the prime factors of p/(-1) - (5 + u).
2
Let p = -52 + 56. List the prime factors of p.
2
Suppose 3*t - 2387 = -8*t. List the prime factors of t.
7, 31
Let c(a) be the second derivative of -a**5/20 + a**4/12 - a**3/6 + 2*a. Let b be c(2). Let j(z) = -z**3 - 5*z**2 + 4*z - 7. What are the prime factors of j(b)?
5
Suppose 4*a + 1594 = 5*i, -331 - 3 = -i - 3*a. List the prime factors of i.
2, 7, 23
Let q(s) = 2*s + 10. List the prime factors of q(3).
2
Let i = 0 - 0. Suppose -5*n = -i*n - 20. Suppose 5*p - 38 = n*o, o = 3*p + 3*o - 36. List the prime factors of p.
2, 5
Let z(y) = y**2 + y - 8. Let c be -4*(1 - 8/4). List the prime factors of z(c).
2, 3
Suppose 2 + 13 = 5*f. Let k(t) = t**3 - 3*t + 0*t**3 - 2*t**2 + 0*t**3 + 4. List the prime factors of k(f).
2
Let d be 6/(-15) - 36/10. Suppose 5*u - 5 = 0, i + i = 4*u + 10. Let l = d + i. What are the prime factors of l?
3
Let a be (-4)/18 + 47/9. Suppose 0 = a*d - 3*d - 22. What are the prime factors of d?
11
Let f(q) = 0 - 1 + 0*q - 2*q. Suppose -3*o + 5*w - 19 = -0*o, -13 = o - 5*w. What are the prime factors of f(o)?
5
Suppose 4*j - 20 = -4*l, -1 = -j - 3*l + 12. Suppose 4 = u + j. Suppose -13 = -u*z + 17. What are the prime factors of z?
2, 5
Let b be 2/(-5) - 44/(-10). Suppose -3 = 3*m + 4*h, -2*m + b*m = -h + 3. List the prime factors of m.
3
Suppose 0*v + 136 = 4*v. What are the prime factors of v?
2, 17
Suppose 0 = -0*g - g + 14. Suppose 2*b = -2*z + g, -2*z - 2 = -4*b + 2. Suppose -2*l + b*f = 2*l - 63, -3*l + 57 = f. What are the prime factors of l?
2, 3
Suppose 78 = 6*b - 3*b. What are the prime factors of b?
2, 13
List the prime factors of 3 - (-292)/5 - (-4)/(-10).
61
Suppose -a + 10 = l, -5*l + 4*a - 3*a + 20 = 0. Suppose 6 = -l*u + 56. What are the prime factors of u?
2, 5
Let h be (-6)/4 + (-1)/2. Let m be (-1 - -1)/(0 + h). Suppose -5*w + 50 = -m*w. What are the prime factors of w?
2, 5
Suppose 0 = 3*o - 2*o. Suppose o = -z + 44 - 8. Suppose -3*m - z = -4*b, 0 = 3*b - 2*m - 16 - 10. List the prime factors of b.
2, 3
Let a = 455 - 317. Suppose 0 = -5*d - 3 + a. List the prime factors of d.
3
Let a be 0/1 + 6 + -4. Suppose 0 = t - 4*y + 12, -a*t - 3*y = -5*y + 6. Suppose p - 9 = -t*p. What are the prime factors of p?
3
Let p = 67 - 46. Let d = p + -32. Let y = 20 + d. What are the prime factors of y?
3
Suppose -29 = -3*n + 3*a + a, 15 = -3*a. Suppose 53 = 4*z - n*o + 8*o, -3*z + 42 = 3*o. What are the prime factors of z?
17
Let n be 4/(-14) + (-2)/(-7). Let x(m) = -4*m**2 + 2*m**2 + 10 + m**2. What are the prime factors of x(n)?
2, 5
Let l(b) = b - 2. What are the prime factors of l(6)?
2
Suppose 134*f - 131*f - 987 = 0. What are the prime factors of f?
7, 47
Suppose -9*n + 4*n = 5. What are the prime factors of 2 + n - (0 - 1)?
2
Let d = 2 - 4. Let u = 9 + d. Suppose 0 = -3*f + u*f - 44. What are the prime factors of f?
11
List the prime factors of 52 + (-2 - (-1)/(-1)).
7
Let g = 4 + 1. Let o = g + -3. Suppose -4*k - 2*n = -18, -o*n - 9 = k + 3*n. What are the prime factors of k?
2, 3
Suppose -2*c - 14 = -o, -c = 5*o - 4*c - 42. List the prime factors of (63/6)/(3/o).
3, 7
Let o(n) = n + 1. Let l(i) = i. Let u(x) = -l(x) + 2*o(x). Suppose 0 = 3*z - 5*z + 8. List the prime factors of u(z).
2, 3
Let b be (-8*(-3)/6)/2. Suppose 10 = l - b. What are the prime factors of l?
2, 3
Suppose 0 = r - 24 - 9. Suppose 5*k - 3*m - r = 0, 2*k - 5*m + 4 - 2 = 0. What are the prime factors of k?
3
Suppose 2*b - 10 = 2*m, 5*b - 4*m - 27 = -0*b. Suppose -5*s = -10*s + 2*i + 18, -b = -2*s + i. What are the prime factors of s?
2
Suppose -2*u - 6 = -4*v + 2, -2*v - 3*u - 12 = 0. Suppose -4*r + 8 = 0, -3*b + 4*r - r - 117 = v. What are the prime factors of b/(-2) - (-3)/2?
2, 5
Suppose -4*r + 3*r + 49 = 0. What are the prime factors of r?
7
Let o = 17 - 12. List the prime factors of o.
5
Let u be (-5 + 0)*(-51)/15. Suppose 76 = 5*v - 4*z, z - u = -3*v + 32. List the prime factors of v.
2
Let w(t) = 8*t + 9*t + 1 - 7*t. Let i be w(-1). List the prime factors of 1/(1/i*-3).
3
Let w(g) = g - 1. Let x(b) = 12*b - 13. Let f(i) = -6*w(i) + x(i). List the prime factors of f(8).
41
Suppose 7*a - 2*a + 4*c = 87, 9 = a - 2*c. List the prime factors of a.
3, 5
Let v = 3 + 0. Suppose -4*c = -4*b - 4, -7 = b + 2*c + v*c. What are the prime factors of b/1 + -5 + 16?
3
Let q(x) = 0 - x + 1 - 5. What are the prime factors of q(-7)?
3
Let z(x) = -7 - x - 2*x**2 - 5*x**2 - 2*x**3 + x**3. Let c be z(-7). Suppose -5*l + 4*d + 44 = c, 36 + 4 = 4*l - 2*d. List the prime factors of l.
2, 3
Let m(g) = 6*g + 3. List the prime factors of m(6).
3, 13
Let f(m) = -14*m - 38. Let t(y) = 5*y + 13. Let r(v) = 6*f(v) + 17*t(v). Let p be r(4). List the prime factors of (p + 2)*(1 - 6).
5
Suppose -4*b = 0, -x + 23 = -3*b - 45. List the prime factors of x.
2, 17
Let g(q) = 7*q - 2. Let y be g(3). Suppose -k - y = -0*s + 4*s, 0 = -3*k - 2*s - 7. List the prime factors of ((-60)/(-3))/(2/k).
2, 5
What are the prime factors of 23/4 - (-14)/56?
2, 3
Let n(l) = 245*l**3 - l + 2. What are the prime factors of n(1)?
2, 3, 41
Let k(g) = -9*g + 12. Let n(i) = -26*i + 36. Let u(t) = 14*k(t) - 5*n(t). Let p = -2 - -10. List the prime factors of u(p).
2, 5
Suppose 5*w - 3*j - 186 = -5*j, 0 = 2*w + j - 75. What are the prime factors of w?
2, 3
Suppose 14*k - 100 = 10*k. Let m = -12 + k. List the prime factors of m.
13
Let y(c) = 2*c**2 - 2*c - 2. Let w be y(2). Suppose -3*v + 13 = w*z, 4 = -3*z + 1. Suppose -5*r + v*g + 6 + 29 = 0, 17 = 5*r + g. List the prime factors of r.
2
Let u(r) = -r**2 - 5*r + 4. Let p be u(-6). Let w = -10 - p. Let o = -3 - w. What are the prime factors of o?
5
Let o(q) = 4*q - 9. Let n be o(4). Let v = n - 4. What are the prime factors of v?
3
Let y(n) be the first derivative of -n**4/4 - 2*n**3 + 5*n + 1. Let o be y(-6). Suppose 3*l + 3 = -3*t, o*l - 2*t = -0*t + 30. What are the prime factors of l?
2
Suppose o + 3 - 2 = 0, 0 = 4*m + 2*o - 218. Let w = m + -28. List the prime factors of w.
3
Suppose 4*w - 1080 = -5*r + 87, 5*r = 3*w + 1146. What are the prime factors of r?
3, 7, 11
Suppose 0 = 3*b - 3*m, 23 + 2 = 3*b + 2*m. Suppose -b*i + 0*i = 0. Suppose i*l - 14 = -2*l. List the prime factors of l.
7
List the prime factors of -3 + (-2 + 1 - -63).
59
Suppose 2*f + f - 21 = 5*o, -f = 2*o + 4. Suppose f*x + b - 32 = 36, 4*x - 138 = -b. List the prime factors of x.
5, 7
Let l be (0 + 2)/1 + 0. Suppose -l*n = a - 18, 6*n - 40 = 2*n - a. What are the prime factors of n?
11
Suppose 3*f - 13 + 4 = 0. Suppose 5*d = f*d. Let i = d - -12. List the prime factors of i.
2, 3
Let i(f) = -2*f**2 + 3*f**3 - 4*f**3 + 3*f**3 - 1 + 2*f. Let q be i(1). Let o(s) = 4*s**3 - s + 1. What are the prime factors of o(q)?
2
Let j = 44 + 23. List the prime factors of j.
67
Let f = 50 - 30. Suppose 4*m + 5*q - 2*q = f, 0 = -5*m - 2*q + 18. What are the prime factors of m?
2
Suppose 5*u = 222 - 77. What are the prime factors of u?
29
Let o = -1 - -5. Suppose -t = o*t. Suppose 5*n + t*r - 30 = 5*r, -3*r - 15 = -2*n. What are the prime 